5
What is the hundreds digit of 937?
9
What is the thousands digit of 1574?
1
What is the units digit of 1916?
6
What is the tens digit of 3082?
8
What is the ten thousands digit of 21078?
2
What is the tens digit of 23006?
0
What is the hundreds digit of 12057?
0
What is the tens digit of 65141?
4
What is the units digit of 88?
8
What is the hundreds digit of 127938?
9
What is the hundreds digit of 150728?
7
What is the tens digit of 2916?
1
What is the units digit of 2291?
1
What is the tens digit of 529?
2
What is the units digit of 870?
0
What is the hundreds digit of 24639?
6
What is the tens digit of 1436?
3
What is the hundreds digit of 517?
5
What is the units digit of 307?
7
What is the tens digit of 2081?
8
What is the thousands digit of 137407?
7
What is the tens digit of 21022?
2
What is the tens digit of 52057?
5
What is the thousands digit of 28469?
8
What is the hundreds digit of 1027?
0
What is the thousands digit of 63574?
3
What is the thousands digit of 7462?
7
What is the hundreds digit of 1421?
4
What is the ten thousands digit of 28146?
2
What is the units digit of 18407?
7
What is the hundreds digit of 16130?
1
What is the hundreds digit of 67603?
6
What is the tens digit of 5727?
2
What is the thousands digit of 3632?
3
What is the tens digit of 249?
4
What is the tens digit of 800?
0
What is the hundreds digit of 10364?
3
What is the tens digit of 61995?
9
What is the tens digit of 7910?
1
What is the thousands digit of 31776?
1
What is the ten thousands digit of 65517?
6
What is the tens digit of 38486?
8
What is the thousands digit of 13987?
3
What is the tens digit of 1630?
3
What is the tens digit of 25?
2
What is the tens digit of 60883?
8
What is the tens digit of 1779?
7
What is the hundreds digit of 51399?
3
What is the units digit of 896?
6
What is the tens digit of 9221?
2
What is the ten thousands digit of 11690?
1
What is the tens digit of 521?
2
What is the tens digit of 30830?
3
What is the thousands digit of 1790?
1
What is the tens digit of 12576?
7
What is the tens digit of 1775?
7
What is the units digit of 5277?
7
What is the hundreds digit of 9176?
1
What is the units digit of 550?
0
What is the hundreds digit of 25367?
3
What is the hundreds digit of 15562?
5
What is the hundreds digit of 1964?
9
What is the hundreds digit of 2756?
7
What is the tens digit of 7207?
0
What is the thousands digit of 7437?
7
What is the hundreds digit of 1590?
5
What is the units digit of 11292?
2
What is the hundreds digit of 2305?
3
What is the thousands digit of 83221?
3
What is the hundreds digit of 27561?
5
What is the tens digit of 12374?
7
What is the hundreds digit of 36136?
1
What is the hundreds digit of 954?
9
What is the tens digit of 13404?
0
What is the hundreds digit of 1965?
9
What is the ten thousands digit of 31480?
3
What is the tens digit of 824?
2
What is the ten thousands digit of 69426?
6
What is the tens digit of 892?
9
What is the thousands digit of 1321?
1
What is the ten thousands digit of 91843?
9
What is the tens digit of 47926?
2
What is the units digit of 4882?
2
What is the hundreds digit of 11262?
2
What is the thousands digit of 1121?
1
What is the ten thousands digit of 62234?
6
What is the tens digit of 17254?
5
What is the units digit of 6818?
8
What is the tens digit of 31770?
7
What is the tens digit of 186763?
6
What is the units digit of 37352?
2
What is the hundreds digit of 81233?
2
What is the tens digit of 87?
8
What is the tens digit of 63399?
9
What is the hundreds digit of 743?
7
What is the tens digit of 100?
0
What is the tens digit of 40430?
3
What is the thousands digit of 1112?
1
What is the units digit of 1267?
7
What is the units digit of 357?
7
What is the thousands digit of 1377?
1
What is the units digit of 92382?
2
What is the hundreds digit of 3905?
9
What is the hundreds digit of 2046?
0
What is the tens digit of 3106?
0
What is the units digit of 1143?
3
What is the tens digit of 29895?
9
What is the units digit of 10193?
3
What is the hundreds digit of 57193?
1
What is the tens digit of 768?
6
What is the units digit of 884?
4
What is the thousands digit of 13198?
3
What is the thousands digit of 109949?
9
What is the tens digit of 1168?
6
What is the units digit of 279?
9
What is the tens digit of 3461?
6
What is the hundreds digit of 199?
1
What is the hundreds digit of 11296?
2
What is the hundreds digit of 50652?
6
What is the tens digit of 10056?
5
What is the hundreds digit of 3142?
1
What is the hundreds digit of 8471?
4
What is the hundreds digit of 916?
9
What is the units digit of 2831?
1
What is the thousands digit of 31615?
1
What is the hundreds digit of 43102?
1
What is the units digit of 83447?
7
What is the units digit of 1471?
1
What is the units digit of 3200?
0
What is the thousands digit of 25056?
5
What is the tens digit of 835?
3
What is the thousands digit of 5955?
5
What is the tens digit of 1087?
8
What is the thousands digit of 29217?
9
What is the thousands digit of 114121?
4
What is the thousands digit of 5597?
5
What is the hundreds digit of 125817?
8
What is the tens digit of 465?
6
What is the units digit of 2756?
6
What is the hundreds digit of 1382?
3
What is the ten thousands digit of 52951?
5
What is the units digit of 8909?
9
What is the units digit of 662?
2
What is the tens digit of 29737?
3
What is the thousands digit of 15308?
5
What is the hundreds digit of 1048?
0
What is the ten thousands digit of 10133?
1
What is the tens digit of 428?
2
What is the thousands digit of 2863?
2
What is the tens digit of 8045?
4
What is the hundreds digit of 1674?
6
What is the units digit of 12019?
9
What is the units digit of 31789?
9
What is the thousands digit of 3966?
3
What is the units digit of 12090?
0
What is the tens digit of 46718?
1
What is the thousands digit of 157547?
7
What is the thousands digit of 72364?
2
What is the units digit of 3212?
2
What is the tens digit of 1586?
8
What is the hundreds digit of 2779?
7
What is the hundreds digit of 1281?
2
What is the hundreds digit of 74594?
5
What is the hundreds digit of 33124?
1
What is the units digit of 646?
6
What is the hundreds digit of 6886?
8
What is the tens digit of 1586?
8
What is the tens digit of 92028?
2
What is the tens digit of 7267?
6
What is the hundreds digit of 3545?
5
What is the tens digit of 107873?
7
What is the units digit of 27562?
2
What is the tens digit of 2421?
2
What is the ten thousands digit of 15491?
1
What is the units digit of 3447?
7
What is the units digit of 8279?
9
What is the thousands digit of 6293?
6
What is the tens digit of 446?
4
What is the hundreds digit of 1724?
7
What is the units digit of 12801?
1
What is the tens digit of 8849?
4
What is the ten thousands digit of 25774?
2
What is the ten thousands digit of 61718?
6
What is the thousands digit of 1090?
1
What is the thousands digit of 2898?
2
What is the tens digit of 10736?
3
What is the ten thousands digit of 12009?
1
What is the units digit of 2609?
9
What is the thousands digit of 1219?
1
What is the thousands digit of 3323?
3
What is the tens digit of 72030?
3
What is the units digit of 3904?
4
What is the hundreds digit of 534?
5
What is the units digit of 6745?
5
What is the thousands digit of 2260?
2
What is the hundreds digit of 23860?
8
What is the thousands digit of 19493?
9
What is the thousands digit of 46540?
6
What is the hundreds digit of 380?
3
What is the hundreds digit of 38822?
8
What is the thousands digit of 1043?
1
What is the units digit of 761?
1
What is the thousands digit of 11685?
1
What is the units digit of 66601?
1
What is the units digit of 54111?
1
What is the tens digit of 446?
4
What is the tens digit of 5978?
7
What is the tens digit of 897?
9
What is the tens digit of 117413?
1
What is the units digit of 995?
5
What is the units digit of 7896?
6
What is the ten thousands digit of 73343?
7
What is the hundreds digit of 361?
3
What is the tens digit of 8218?
1
What is the ten thousands digit of 29693?
2
What is the thousands digit of 50577?
0
What is the tens digit of 1693?
9
What is the hundreds digit of 46576?
5
What is the units digit of 89123?
3
What is the tens digit of 1547?
4
What is the tens digit of 7094?
9
What is the h